{"id":1697,"date":"2019-06-20T21:40:48","date_gmt":"2019-06-20T19:40:48","guid":{"rendered":"http:\/\/grandestauto.demo.izhak.fr\/?page_id=1697"},"modified":"2022-06-10T00:16:07","modified_gmt":"2022-06-09T22:16:07","slug":"rendez-vous-conseil","status":"publish","type":"page","link":"https:\/\/audi-strasbourg-occasionplus.fr\/old2\/rendez-vous-conseil\/","title":{"rendered":"Rendez-vous conseil"},"content":{"rendered":"<h3><strong>Prendre soin de nos clients\u00a0: notre priorit\u00e9 <\/strong><\/h3>\n<p>Nos conseillers sont \u00e0 votre \u00e9coute pour trouver le v\u00e9hicule adapt\u00e9 \u00e0 votre projet, vos envies et votre budget. Grand Est Automobiles, c\u2019est avant tout un r\u00e9seau d\u2019experts, qui sauront cr\u00e9er des offres sur-mesure.<\/p>\n<p>N\u2019attendez plus pour prendre rendez-vous avec un professionnel dans l\u2019une de nos concessions Grand Est Automobiles.<\/p>\n<h3>Nos services<\/h3>\n<ul class=\"list-services\">\n<li>Entretiens et r\u00e9parations<\/li>\n<li>Service apr\u00e8s-vente<\/li>\n<li>Essai de v\u00e9hicule<\/li>\n<li>Reprise<\/li>\n<li>Financement<\/li>\n<\/ul>\n","protected":false},"excerpt":{"rendered":"<p>Prendre soin de nos clients\u00a0: notre priorit\u00e9 Nos conseillers sont \u00e0 votre \u00e9coute pour trouver le v\u00e9hicule adapt\u00e9 \u00e0 votre<\/p>\n","protected":false},"author":1,"featured_media":1952,"parent":0,"menu_order":0,"comment_status":"closed","ping_status":"closed","template":"page-templates\/formulaire.php","meta":{"_acf_changed":false,"inline_featured_image":false,"footnotes":""},"class_list":["post-1697","page","type-page","status-publish","has-post-thumbnail","hentry"],"yoast_head":"<!-- This site is optimized with the Yoast SEO plugin v27.4 - https:\/\/yoast.com\/product\/yoast-seo-wordpress\/ -->\n<title>Rendez-vous conseil - Audi test<\/title>\n<meta name=\"robots\" content=\"noindex, follow, max-snippet:-1, max-image-preview:large, max-video-preview:-1\" \/>\n<meta property=\"og:locale\" content=\"fr_FR\" \/>\n<meta property=\"og:type\" content=\"article\" \/>\n<meta property=\"og:title\" content=\"Rendez-vous conseil - Audi test\" \/>\n<meta property=\"og:description\" content=\"Prendre soin de nos clients\u00a0: notre priorit\u00e9 Nos conseillers sont \u00e0 votre \u00e9coute pour trouver le v\u00e9hicule adapt\u00e9 \u00e0 votre\" \/>\n<meta property=\"og:url\" content=\"https:\/\/audi-strasbourg-occasionplus.fr\/old2\/rendez-vous-conseil\/\" \/>\n<meta property=\"og:site_name\" content=\"Audi test\" \/>\n<meta property=\"article:modified_time\" content=\"2022-06-09T22:16:07+00:00\" \/>\n<meta property=\"og:image\" content=\"https:\/\/audi-strasbourg-occasionplus.fr\/old2\/wp-content\/uploads\/sites\/29\/2019\/06\/customer-choosing-a-car-color-at-dealership-2myvcpg-min-e1561104909659.jpg\" \/>\n\t<meta property=\"og:image:width\" content=\"4978\" \/>\n\t<meta property=\"og:image:height\" content=\"1543\" \/>\n\t<meta property=\"og:image:type\" content=\"image\/jpeg\" \/>\n<meta name=\"twitter:card\" content=\"summary_large_image\" \/>\n<script type=\"application\/ld+json\" class=\"yoast-schema-graph\">{\"@context\":\"https:\\\/\\\/schema.org\",\"@graph\":[{\"@type\":\"WebPage\",\"@id\":\"https:\\\/\\\/audi-strasbourg-occasionplus.fr\\\/old2\\\/rendez-vous-conseil\\\/\",\"url\":\"https:\\\/\\\/audi-strasbourg-occasionplus.fr\\\/old2\\\/rendez-vous-conseil\\\/\",\"name\":\"Rendez-vous conseil - Audi test\",\"isPartOf\":{\"@id\":\"https:\\\/\\\/audi-strasbourg-occasionplus.fr\\\/old2\\\/#website\"},\"primaryImageOfPage\":{\"@id\":\"https:\\\/\\\/audi-strasbourg-occasionplus.fr\\\/old2\\\/rendez-vous-conseil\\\/#primaryimage\"},\"image\":{\"@id\":\"https:\\\/\\\/audi-strasbourg-occasionplus.fr\\\/old2\\\/rendez-vous-conseil\\\/#primaryimage\"},\"thumbnailUrl\":\"https:\\\/\\\/audi-strasbourg-occasionplus.fr\\\/old2\\\/wp-content\\\/uploads\\\/sites\\\/29\\\/2019\\\/06\\\/customer-choosing-a-car-color-at-dealership-2myvcpg-min-e1561104909659.jpg\",\"datePublished\":\"2019-06-20T19:40:48+00:00\",\"dateModified\":\"2022-06-09T22:16:07+00:00\",\"breadcrumb\":{\"@id\":\"https:\\\/\\\/audi-strasbourg-occasionplus.fr\\\/old2\\\/rendez-vous-conseil\\\/#breadcrumb\"},\"inLanguage\":\"fr-FR\",\"potentialAction\":[{\"@type\":\"ReadAction\",\"target\":[\"https:\\\/\\\/audi-strasbourg-occasionplus.fr\\\/old2\\\/rendez-vous-conseil\\\/\"]}]},{\"@type\":\"ImageObject\",\"inLanguage\":\"fr-FR\",\"@id\":\"https:\\\/\\\/audi-strasbourg-occasionplus.fr\\\/old2\\\/rendez-vous-conseil\\\/#primaryimage\",\"url\":\"https:\\\/\\\/audi-strasbourg-occasionplus.fr\\\/old2\\\/wp-content\\\/uploads\\\/sites\\\/29\\\/2019\\\/06\\\/customer-choosing-a-car-color-at-dealership-2myvcpg-min-e1561104909659.jpg\",\"contentUrl\":\"https:\\\/\\\/audi-strasbourg-occasionplus.fr\\\/old2\\\/wp-content\\\/uploads\\\/sites\\\/29\\\/2019\\\/06\\\/customer-choosing-a-car-color-at-dealership-2myvcpg-min-e1561104909659.jpg\",\"width\":4978,\"height\":1543},{\"@type\":\"BreadcrumbList\",\"@id\":\"https:\\\/\\\/audi-strasbourg-occasionplus.fr\\\/old2\\\/rendez-vous-conseil\\\/#breadcrumb\",\"itemListElement\":[{\"@type\":\"ListItem\",\"position\":1,\"name\":\"Accueil\",\"item\":\"https:\\\/\\\/audi-strasbourg-occasionplus.fr\\\/old2\\\/\"},{\"@type\":\"ListItem\",\"position\":2,\"name\":\"Rendez-vous conseil\"}]},{\"@type\":\"WebSite\",\"@id\":\"https:\\\/\\\/audi-strasbourg-occasionplus.fr\\\/old2\\\/#website\",\"url\":\"https:\\\/\\\/audi-strasbourg-occasionplus.fr\\\/old2\\\/\",\"name\":\"Audi test\",\"description\":\"Concessionnaire AUDI \u00e0 Obernai - Grand Est Automobiles.\",\"potentialAction\":[{\"@type\":\"SearchAction\",\"target\":{\"@type\":\"EntryPoint\",\"urlTemplate\":\"https:\\\/\\\/audi-strasbourg-occasionplus.fr\\\/old2\\\/?s={search_term_string}\"},\"query-input\":{\"@type\":\"PropertyValueSpecification\",\"valueRequired\":true,\"valueName\":\"search_term_string\"}}],\"inLanguage\":\"fr-FR\"}]}<\/script>\n<!-- \/ Yoast SEO plugin. -->","yoast_head_json":{"title":"Rendez-vous conseil - Audi test","robots":{"index":"noindex","follow":"follow","max-snippet":"max-snippet:-1","max-image-preview":"max-image-preview:large","max-video-preview":"max-video-preview:-1"},"og_locale":"fr_FR","og_type":"article","og_title":"Rendez-vous conseil - Audi test","og_description":"Prendre soin de nos clients\u00a0: notre priorit\u00e9 Nos conseillers sont \u00e0 votre \u00e9coute pour trouver le v\u00e9hicule adapt\u00e9 \u00e0 votre","og_url":"https:\/\/audi-strasbourg-occasionplus.fr\/old2\/rendez-vous-conseil\/","og_site_name":"Audi test","article_modified_time":"2022-06-09T22:16:07+00:00","og_image":[{"width":4978,"height":1543,"url":"https:\/\/audi-strasbourg-occasionplus.fr\/old2\/wp-content\/uploads\/sites\/29\/2019\/06\/customer-choosing-a-car-color-at-dealership-2myvcpg-min-e1561104909659.jpg","type":"image\/jpeg"}],"twitter_card":"summary_large_image","schema":{"@context":"https:\/\/schema.org","@graph":[{"@type":"WebPage","@id":"https:\/\/audi-strasbourg-occasionplus.fr\/old2\/rendez-vous-conseil\/","url":"https:\/\/audi-strasbourg-occasionplus.fr\/old2\/rendez-vous-conseil\/","name":"Rendez-vous conseil - Audi test","isPartOf":{"@id":"https:\/\/audi-strasbourg-occasionplus.fr\/old2\/#website"},"primaryImageOfPage":{"@id":"https:\/\/audi-strasbourg-occasionplus.fr\/old2\/rendez-vous-conseil\/#primaryimage"},"image":{"@id":"https:\/\/audi-strasbourg-occasionplus.fr\/old2\/rendez-vous-conseil\/#primaryimage"},"thumbnailUrl":"https:\/\/audi-strasbourg-occasionplus.fr\/old2\/wp-content\/uploads\/sites\/29\/2019\/06\/customer-choosing-a-car-color-at-dealership-2myvcpg-min-e1561104909659.jpg","datePublished":"2019-06-20T19:40:48+00:00","dateModified":"2022-06-09T22:16:07+00:00","breadcrumb":{"@id":"https:\/\/audi-strasbourg-occasionplus.fr\/old2\/rendez-vous-conseil\/#breadcrumb"},"inLanguage":"fr-FR","potentialAction":[{"@type":"ReadAction","target":["https:\/\/audi-strasbourg-occasionplus.fr\/old2\/rendez-vous-conseil\/"]}]},{"@type":"ImageObject","inLanguage":"fr-FR","@id":"https:\/\/audi-strasbourg-occasionplus.fr\/old2\/rendez-vous-conseil\/#primaryimage","url":"https:\/\/audi-strasbourg-occasionplus.fr\/old2\/wp-content\/uploads\/sites\/29\/2019\/06\/customer-choosing-a-car-color-at-dealership-2myvcpg-min-e1561104909659.jpg","contentUrl":"https:\/\/audi-strasbourg-occasionplus.fr\/old2\/wp-content\/uploads\/sites\/29\/2019\/06\/customer-choosing-a-car-color-at-dealership-2myvcpg-min-e1561104909659.jpg","width":4978,"height":1543},{"@type":"BreadcrumbList","@id":"https:\/\/audi-strasbourg-occasionplus.fr\/old2\/rendez-vous-conseil\/#breadcrumb","itemListElement":[{"@type":"ListItem","position":1,"name":"Accueil","item":"https:\/\/audi-strasbourg-occasionplus.fr\/old2\/"},{"@type":"ListItem","position":2,"name":"Rendez-vous conseil"}]},{"@type":"WebSite","@id":"https:\/\/audi-strasbourg-occasionplus.fr\/old2\/#website","url":"https:\/\/audi-strasbourg-occasionplus.fr\/old2\/","name":"Audi test","description":"Concessionnaire AUDI \u00e0 Obernai - Grand Est Automobiles.","potentialAction":[{"@type":"SearchAction","target":{"@type":"EntryPoint","urlTemplate":"https:\/\/audi-strasbourg-occasionplus.fr\/old2\/?s={search_term_string}"},"query-input":{"@type":"PropertyValueSpecification","valueRequired":true,"valueName":"search_term_string"}}],"inLanguage":"fr-FR"}]}},"acf":[],"_links":{"self":[{"href":"https:\/\/audi-strasbourg-occasionplus.fr\/old2\/wp-json\/wp\/v2\/pages\/1697","targetHints":{"allow":["GET"]}}],"collection":[{"href":"https:\/\/audi-strasbourg-occasionplus.fr\/old2\/wp-json\/wp\/v2\/pages"}],"about":[{"href":"https:\/\/audi-strasbourg-occasionplus.fr\/old2\/wp-json\/wp\/v2\/types\/page"}],"author":[{"embeddable":true,"href":"https:\/\/audi-strasbourg-occasionplus.fr\/old2\/wp-json\/wp\/v2\/users\/1"}],"replies":[{"embeddable":true,"href":"https:\/\/audi-strasbourg-occasionplus.fr\/old2\/wp-json\/wp\/v2\/comments?post=1697"}],"version-history":[{"count":25,"href":"https:\/\/audi-strasbourg-occasionplus.fr\/old2\/wp-json\/wp\/v2\/pages\/1697\/revisions"}],"predecessor-version":[{"id":2844,"href":"https:\/\/audi-strasbourg-occasionplus.fr\/old2\/wp-json\/wp\/v2\/pages\/1697\/revisions\/2844"}],"wp:featuredmedia":[{"embeddable":true,"href":"https:\/\/audi-strasbourg-occasionplus.fr\/old2\/wp-json\/wp\/v2\/media\/1952"}],"wp:attachment":[{"href":"https:\/\/audi-strasbourg-occasionplus.fr\/old2\/wp-json\/wp\/v2\/media?parent=1697"}],"curies":[{"name":"wp","href":"https:\/\/api.w.org\/{rel}","templated":true}]}}

<h3><strong>Prendre soin de nos clients : notre priorité </strong></h3>
<p>Nos conseillers sont à votre écoute pour trouver le véhicule adapté à votre projet, vos envies et votre budget. Grand Est Automobiles, c’est avant tout un réseau d’experts, qui sauront créer des offres sur-mesure.</p>
<p>N’attendez plus pour prendre rendez-vous avec un professionnel dans l’une de nos concessions Grand Est Automobiles.</p>
<h3>Nos services</h3>
<ul class="list-services">
<li>Entretiens et réparations</li>
<li>Service après-vente</li>
<li>Essai de véhicule</li>
<li>Reprise</li>
<li>Financement</li>
</ul>

<p>Prendre soin de nos clients : notre priorité Nos conseillers sont à votre écoute pour trouver le véhicule adapté à votre</p>

<!-- This site is optimized with the Yoast SEO plugin v27.4 - https://yoast.com/product/yoast-seo-wordpress/ -->
<title>Rendez-vous conseil - Audi test</title>
<meta name="robots" content="noindex, follow, max-snippet:-1, max-image-preview:large, max-video-preview:-1" />
<meta property="og:locale" content="fr_FR" />
<meta property="og:type" content="article" />
<meta property="og:title" content="Rendez-vous conseil - Audi test" />
<meta property="og:description" content="Prendre soin de nos clients : notre priorité Nos conseillers sont à votre écoute pour trouver le véhicule adapté à votre" />
<meta property="og:url" content="https://audi-strasbourg-occasionplus.fr/old2/rendez-vous-conseil/" />
<meta property="og:site_name" content="Audi test" />
<meta property="article:modified_time" content="2022-06-09T22:16:07+00:00" />
<meta property="og:image" content="https://audi-strasbourg-occasionplus.fr/old2/wp-content/uploads/sites/29/2019/06/customer-choosing-a-car-color-at-dealership-2myvcpg-min-e1561104909659.jpg" />
	<meta property="og:image:width" content="4978" />
	<meta property="og:image:height" content="1543" />
	<meta property="og:image:type" content="image/jpeg" />
<meta name="twitter:card" content="summary_large_image" />
<script type="application/ld+json" class="yoast-schema-graph">{"@context":"https:\/\/schema.org","@graph":[{"@type":"WebPage","@id":"https:\/\/audi-strasbourg-occasionplus.fr\/old2\/rendez-vous-conseil\/","url":"https:\/\/audi-strasbourg-occasionplus.fr\/old2\/rendez-vous-conseil\/","name":"Rendez-vous conseil - Audi test","isPartOf":{"@id":"https:\/\/audi-strasbourg-occasionplus.fr\/old2\/#website"},"primaryImageOfPage":{"@id":"https:\/\/audi-strasbourg-occasionplus.fr\/old2\/rendez-vous-conseil\/#primaryimage"},"image":{"@id":"https:\/\/audi-strasbourg-occasionplus.fr\/old2\/rendez-vous-conseil\/#primaryimage"},"thumbnailUrl":"https:\/\/audi-strasbourg-occasionplus.fr\/old2\/wp-content\/uploads\/sites\/29\/2019\/06\/customer-choosing-a-car-color-at-dealership-2myvcpg-min-e1561104909659.jpg","datePublished":"2019-06-20T19:40:48+00:00","dateModified":"2022-06-09T22:16:07+00:00","breadcrumb":{"@id":"https:\/\/audi-strasbourg-occasionplus.fr\/old2\/rendez-vous-conseil\/#breadcrumb"},"inLanguage":"fr-FR","potentialAction":[{"@type":"ReadAction","target":["https:\/\/audi-strasbourg-occasionplus.fr\/old2\/rendez-vous-conseil\/"]}]},{"@type":"ImageObject","inLanguage":"fr-FR","@id":"https:\/\/audi-strasbourg-occasionplus.fr\/old2\/rendez-vous-conseil\/#primaryimage","url":"https:\/\/audi-strasbourg-occasionplus.fr\/old2\/wp-content\/uploads\/sites\/29\/2019\/06\/customer-choosing-a-car-color-at-dealership-2myvcpg-min-e1561104909659.jpg","contentUrl":"https:\/\/audi-strasbourg-occasionplus.fr\/old2\/wp-content\/uploads\/sites\/29\/2019\/06\/customer-choosing-a-car-color-at-dealership-2myvcpg-min-e1561104909659.jpg","width":4978,"height":1543},{"@type":"BreadcrumbList","@id":"https:\/\/audi-strasbourg-occasionplus.fr\/old2\/rendez-vous-conseil\/#breadcrumb","itemListElement":[{"@type":"ListItem","position":1,"name":"Accueil","item":"https:\/\/audi-strasbourg-occasionplus.fr\/old2\/"},{"@type":"ListItem","position":2,"name":"Rendez-vous conseil"}]},{"@type":"WebSite","@id":"https:\/\/audi-strasbourg-occasionplus.fr\/old2\/#website","url":"https:\/\/audi-strasbourg-occasionplus.fr\/old2\/","name":"Audi test","description":"Concessionnaire AUDI à Obernai - Grand Est Automobiles.","potentialAction":[{"@type":"SearchAction","target":{"@type":"EntryPoint","urlTemplate":"https:\/\/audi-strasbourg-occasionplus.fr\/old2\/?s={search_term_string}"},"query-input":{"@type":"PropertyValueSpecification","valueRequired":true,"valueName":"search_term_string"}}],"inLanguage":"fr-FR"}]}</script>
<!-- / Yoast SEO plugin. -->

Prendre soin de nos clients : notre priorité Nos conseillers sont à votre écoute pour trouver le véhicule adapté à votre

Concessionnaire AUDI à Obernai - Grand Est Automobiles.
