{"id":1680,"date":"2019-06-20T21:33:53","date_gmt":"2019-06-20T19:33:53","guid":{"rendered":"http:\/\/grandestauto.demo.izhak.fr\/?page_id=1680"},"modified":"2022-06-10T00:16:02","modified_gmt":"2022-06-09T22:16:02","slug":"rendez-vous-atelier","status":"publish","type":"page","link":"https:\/\/audi-strasbourg-occasionplus.fr\/old2\/rendez-vous-atelier\/","title":{"rendered":"Rendez-vous atelier"},"content":{"rendered":"<h3><strong>Entretien &amp; R\u00e9paration<\/strong><\/h3>\n<p>Pour la maintenance ou pour des r\u00e9parations, nos techniciens prennent en charge votre v\u00e9hicule dans le respect des normes constructeur. En choisissant nos ateliers, vous choisissez l\u2019excellence de votre marque de v\u00e9hicule.<\/p>\n<p>Retrouvez votre marque au sein de Grand Est Automobiles !<\/p>\n<h3>Nos services<\/h3>\n<ul class=\"list-services\">\n<li>Entretiens et r\u00e9parations<\/li>\n<li>Service apr\u00e8s-vente<\/li>\n<li>Essai de v\u00e9hicule<\/li>\n<li>Reprise<\/li>\n<li>Financement<\/li>\n<li>Service premium<\/li>\n<li>Service voiturier (\u00e0 partir de 79\u20ac ttc)<\/li>\n<\/ul>\n","protected":false},"excerpt":{"rendered":"<p>Entretien &amp; R\u00e9paration Pour la maintenance ou pour des r\u00e9parations, nos techniciens prennent en charge votre v\u00e9hicule dans le respect<\/p>\n","protected":false},"author":1,"featured_media":1938,"parent":0,"menu_order":0,"comment_status":"closed","ping_status":"closed","template":"page-templates\/formulaire.php","meta":{"_acf_changed":false,"inline_featured_image":false,"footnotes":""},"class_list":["post-1680","page","type-page","status-publish","has-post-thumbnail","hentry"],"yoast_head":"<!-- This site is optimized with the Yoast SEO plugin v27.4 - https:\/\/yoast.com\/product\/yoast-seo-wordpress\/ -->\n<title>Rendez-vous atelier - Audi test<\/title>\n<meta name=\"description\" content=\"Pour la maintenance ou pour des r\u00e9parations, nos techniciens prennent en charge votre v\u00e9hicule dans le respect des nomes constructeur.\" \/>\n<meta name=\"robots\" content=\"noindex, follow, max-snippet:-1, max-image-preview:large, max-video-preview:-1\" \/>\n<meta property=\"og:locale\" content=\"fr_FR\" \/>\n<meta property=\"og:type\" content=\"article\" \/>\n<meta property=\"og:title\" content=\"Rendez-vous atelier - Audi test\" \/>\n<meta property=\"og:description\" content=\"Pour la maintenance ou pour des r\u00e9parations, nos techniciens prennent en charge votre v\u00e9hicule dans le respect des nomes constructeur.\" \/>\n<meta property=\"og:url\" content=\"https:\/\/audi-strasbourg-occasionplus.fr\/old2\/rendez-vous-atelier\/\" \/>\n<meta property=\"og:site_name\" content=\"Audi test\" \/>\n<meta property=\"article:modified_time\" content=\"2022-06-09T22:16:02+00:00\" \/>\n<meta property=\"og:image\" content=\"https:\/\/audi-strasbourg-occasionplus.fr\/old2\/wp-content\/uploads\/sites\/29\/2019\/06\/scheduled-car-service-r25vyqt-min.jpg\" \/>\n\t<meta property=\"og:image:width\" content=\"5000\" \/>\n\t<meta property=\"og:image:height\" content=\"3333\" \/>\n\t<meta property=\"og:image:type\" content=\"image\/jpeg\" \/>\n<meta name=\"twitter:card\" content=\"summary_large_image\" \/>\n<script type=\"application\/ld+json\" class=\"yoast-schema-graph\">{\"@context\":\"https:\\\/\\\/schema.org\",\"@graph\":[{\"@type\":\"WebPage\",\"@id\":\"https:\\\/\\\/audi-strasbourg-occasionplus.fr\\\/old2\\\/rendez-vous-atelier\\\/\",\"url\":\"https:\\\/\\\/audi-strasbourg-occasionplus.fr\\\/old2\\\/rendez-vous-atelier\\\/\",\"name\":\"Rendez-vous atelier - Audi test\",\"isPartOf\":{\"@id\":\"https:\\\/\\\/audi-strasbourg-occasionplus.fr\\\/old2\\\/#website\"},\"primaryImageOfPage\":{\"@id\":\"https:\\\/\\\/audi-strasbourg-occasionplus.fr\\\/old2\\\/rendez-vous-atelier\\\/#primaryimage\"},\"image\":{\"@id\":\"https:\\\/\\\/audi-strasbourg-occasionplus.fr\\\/old2\\\/rendez-vous-atelier\\\/#primaryimage\"},\"thumbnailUrl\":\"https:\\\/\\\/audi-strasbourg-occasionplus.fr\\\/old2\\\/wp-content\\\/uploads\\\/sites\\\/29\\\/2019\\\/06\\\/scheduled-car-service-r25vyqt-min.jpg\",\"datePublished\":\"2019-06-20T19:33:53+00:00\",\"dateModified\":\"2022-06-09T22:16:02+00:00\",\"description\":\"Pour la maintenance ou pour des r\u00e9parations, nos techniciens prennent en charge votre v\u00e9hicule dans le respect des nomes constructeur.\",\"breadcrumb\":{\"@id\":\"https:\\\/\\\/audi-strasbourg-occasionplus.fr\\\/old2\\\/rendez-vous-atelier\\\/#breadcrumb\"},\"inLanguage\":\"fr-FR\",\"potentialAction\":[{\"@type\":\"ReadAction\",\"target\":[\"https:\\\/\\\/audi-strasbourg-occasionplus.fr\\\/old2\\\/rendez-vous-atelier\\\/\"]}]},{\"@type\":\"ImageObject\",\"inLanguage\":\"fr-FR\",\"@id\":\"https:\\\/\\\/audi-strasbourg-occasionplus.fr\\\/old2\\\/rendez-vous-atelier\\\/#primaryimage\",\"url\":\"https:\\\/\\\/audi-strasbourg-occasionplus.fr\\\/old2\\\/wp-content\\\/uploads\\\/sites\\\/29\\\/2019\\\/06\\\/scheduled-car-service-r25vyqt-min.jpg\",\"contentUrl\":\"https:\\\/\\\/audi-strasbourg-occasionplus.fr\\\/old2\\\/wp-content\\\/uploads\\\/sites\\\/29\\\/2019\\\/06\\\/scheduled-car-service-r25vyqt-min.jpg\",\"width\":5000,\"height\":3333},{\"@type\":\"BreadcrumbList\",\"@id\":\"https:\\\/\\\/audi-strasbourg-occasionplus.fr\\\/old2\\\/rendez-vous-atelier\\\/#breadcrumb\",\"itemListElement\":[{\"@type\":\"ListItem\",\"position\":1,\"name\":\"Accueil\",\"item\":\"https:\\\/\\\/audi-strasbourg-occasionplus.fr\\\/old2\\\/\"},{\"@type\":\"ListItem\",\"position\":2,\"name\":\"Rendez-vous atelier\"}]},{\"@type\":\"WebSite\",\"@id\":\"https:\\\/\\\/audi-strasbourg-occasionplus.fr\\\/old2\\\/#website\",\"url\":\"https:\\\/\\\/audi-strasbourg-occasionplus.fr\\\/old2\\\/\",\"name\":\"Audi test\",\"description\":\"Concessionnaire AUDI \u00e0 Obernai - Grand Est Automobiles.\",\"potentialAction\":[{\"@type\":\"SearchAction\",\"target\":{\"@type\":\"EntryPoint\",\"urlTemplate\":\"https:\\\/\\\/audi-strasbourg-occasionplus.fr\\\/old2\\\/?s={search_term_string}\"},\"query-input\":{\"@type\":\"PropertyValueSpecification\",\"valueRequired\":true,\"valueName\":\"search_term_string\"}}],\"inLanguage\":\"fr-FR\"}]}<\/script>\n<!-- \/ Yoast SEO plugin. -->","yoast_head_json":{"title":"Rendez-vous atelier - Audi test","description":"Pour la maintenance ou pour des r\u00e9parations, nos techniciens prennent en charge votre v\u00e9hicule dans le respect des nomes constructeur.","robots":{"index":"noindex","follow":"follow","max-snippet":"max-snippet:-1","max-image-preview":"max-image-preview:large","max-video-preview":"max-video-preview:-1"},"og_locale":"fr_FR","og_type":"article","og_title":"Rendez-vous atelier - Audi test","og_description":"Pour la maintenance ou pour des r\u00e9parations, nos techniciens prennent en charge votre v\u00e9hicule dans le respect des nomes constructeur.","og_url":"https:\/\/audi-strasbourg-occasionplus.fr\/old2\/rendez-vous-atelier\/","og_site_name":"Audi test","article_modified_time":"2022-06-09T22:16:02+00:00","og_image":[{"width":5000,"height":3333,"url":"https:\/\/audi-strasbourg-occasionplus.fr\/old2\/wp-content\/uploads\/sites\/29\/2019\/06\/scheduled-car-service-r25vyqt-min.jpg","type":"image\/jpeg"}],"twitter_card":"summary_large_image","schema":{"@context":"https:\/\/schema.org","@graph":[{"@type":"WebPage","@id":"https:\/\/audi-strasbourg-occasionplus.fr\/old2\/rendez-vous-atelier\/","url":"https:\/\/audi-strasbourg-occasionplus.fr\/old2\/rendez-vous-atelier\/","name":"Rendez-vous atelier - Audi test","isPartOf":{"@id":"https:\/\/audi-strasbourg-occasionplus.fr\/old2\/#website"},"primaryImageOfPage":{"@id":"https:\/\/audi-strasbourg-occasionplus.fr\/old2\/rendez-vous-atelier\/#primaryimage"},"image":{"@id":"https:\/\/audi-strasbourg-occasionplus.fr\/old2\/rendez-vous-atelier\/#primaryimage"},"thumbnailUrl":"https:\/\/audi-strasbourg-occasionplus.fr\/old2\/wp-content\/uploads\/sites\/29\/2019\/06\/scheduled-car-service-r25vyqt-min.jpg","datePublished":"2019-06-20T19:33:53+00:00","dateModified":"2022-06-09T22:16:02+00:00","description":"Pour la maintenance ou pour des r\u00e9parations, nos techniciens prennent en charge votre v\u00e9hicule dans le respect des nomes constructeur.","breadcrumb":{"@id":"https:\/\/audi-strasbourg-occasionplus.fr\/old2\/rendez-vous-atelier\/#breadcrumb"},"inLanguage":"fr-FR","potentialAction":[{"@type":"ReadAction","target":["https:\/\/audi-strasbourg-occasionplus.fr\/old2\/rendez-vous-atelier\/"]}]},{"@type":"ImageObject","inLanguage":"fr-FR","@id":"https:\/\/audi-strasbourg-occasionplus.fr\/old2\/rendez-vous-atelier\/#primaryimage","url":"https:\/\/audi-strasbourg-occasionplus.fr\/old2\/wp-content\/uploads\/sites\/29\/2019\/06\/scheduled-car-service-r25vyqt-min.jpg","contentUrl":"https:\/\/audi-strasbourg-occasionplus.fr\/old2\/wp-content\/uploads\/sites\/29\/2019\/06\/scheduled-car-service-r25vyqt-min.jpg","width":5000,"height":3333},{"@type":"BreadcrumbList","@id":"https:\/\/audi-strasbourg-occasionplus.fr\/old2\/rendez-vous-atelier\/#breadcrumb","itemListElement":[{"@type":"ListItem","position":1,"name":"Accueil","item":"https:\/\/audi-strasbourg-occasionplus.fr\/old2\/"},{"@type":"ListItem","position":2,"name":"Rendez-vous atelier"}]},{"@type":"WebSite","@id":"https:\/\/audi-strasbourg-occasionplus.fr\/old2\/#website","url":"https:\/\/audi-strasbourg-occasionplus.fr\/old2\/","name":"Audi test","description":"Concessionnaire AUDI \u00e0 Obernai - Grand Est Automobiles.","potentialAction":[{"@type":"SearchAction","target":{"@type":"EntryPoint","urlTemplate":"https:\/\/audi-strasbourg-occasionplus.fr\/old2\/?s={search_term_string}"},"query-input":{"@type":"PropertyValueSpecification","valueRequired":true,"valueName":"search_term_string"}}],"inLanguage":"fr-FR"}]}},"acf":[],"_links":{"self":[{"href":"https:\/\/audi-strasbourg-occasionplus.fr\/old2\/wp-json\/wp\/v2\/pages\/1680","targetHints":{"allow":["GET"]}}],"collection":[{"href":"https:\/\/audi-strasbourg-occasionplus.fr\/old2\/wp-json\/wp\/v2\/pages"}],"about":[{"href":"https:\/\/audi-strasbourg-occasionplus.fr\/old2\/wp-json\/wp\/v2\/types\/page"}],"author":[{"embeddable":true,"href":"https:\/\/audi-strasbourg-occasionplus.fr\/old2\/wp-json\/wp\/v2\/users\/1"}],"replies":[{"embeddable":true,"href":"https:\/\/audi-strasbourg-occasionplus.fr\/old2\/wp-json\/wp\/v2\/comments?post=1680"}],"version-history":[{"count":16,"href":"https:\/\/audi-strasbourg-occasionplus.fr\/old2\/wp-json\/wp\/v2\/pages\/1680\/revisions"}],"predecessor-version":[{"id":2843,"href":"https:\/\/audi-strasbourg-occasionplus.fr\/old2\/wp-json\/wp\/v2\/pages\/1680\/revisions\/2843"}],"wp:featuredmedia":[{"embeddable":true,"href":"https:\/\/audi-strasbourg-occasionplus.fr\/old2\/wp-json\/wp\/v2\/media\/1938"}],"wp:attachment":[{"href":"https:\/\/audi-strasbourg-occasionplus.fr\/old2\/wp-json\/wp\/v2\/media?parent=1680"}],"curies":[{"name":"wp","href":"https:\/\/api.w.org\/{rel}","templated":true}]}}

<h3><strong>Entretien &amp; Réparation</strong></h3>
<p>Pour la maintenance ou pour des réparations, nos techniciens prennent en charge votre véhicule dans le respect des normes constructeur. En choisissant nos ateliers, vous choisissez l’excellence de votre marque de véhicule.</p>
<p>Retrouvez votre marque au sein de Grand Est Automobiles !</p>
<h3>Nos services</h3>
<ul class="list-services">
<li>Entretiens et réparations</li>
<li>Service après-vente</li>
<li>Essai de véhicule</li>
<li>Reprise</li>
<li>Financement</li>
<li>Service premium</li>
<li>Service voiturier (à partir de 79€ ttc)</li>
</ul>

<p>Entretien &amp; Réparation Pour la maintenance ou pour des réparations, nos techniciens prennent en charge votre véhicule dans le respect</p>

<!-- This site is optimized with the Yoast SEO plugin v27.4 - https://yoast.com/product/yoast-seo-wordpress/ -->
<title>Rendez-vous atelier - Audi test</title>
<meta name="description" content="Pour la maintenance ou pour des réparations, nos techniciens prennent en charge votre véhicule dans le respect des nomes constructeur." />
<meta name="robots" content="noindex, follow, max-snippet:-1, max-image-preview:large, max-video-preview:-1" />
<meta property="og:locale" content="fr_FR" />
<meta property="og:type" content="article" />
<meta property="og:title" content="Rendez-vous atelier - Audi test" />
<meta property="og:description" content="Pour la maintenance ou pour des réparations, nos techniciens prennent en charge votre véhicule dans le respect des nomes constructeur." />
<meta property="og:url" content="https://audi-strasbourg-occasionplus.fr/old2/rendez-vous-atelier/" />
<meta property="og:site_name" content="Audi test" />
<meta property="article:modified_time" content="2022-06-09T22:16:02+00:00" />
<meta property="og:image" content="https://audi-strasbourg-occasionplus.fr/old2/wp-content/uploads/sites/29/2019/06/scheduled-car-service-r25vyqt-min.jpg" />
	<meta property="og:image:width" content="5000" />
	<meta property="og:image:height" content="3333" />
	<meta property="og:image:type" content="image/jpeg" />
<meta name="twitter:card" content="summary_large_image" />
<script type="application/ld+json" class="yoast-schema-graph">{"@context":"https:\/\/schema.org","@graph":[{"@type":"WebPage","@id":"https:\/\/audi-strasbourg-occasionplus.fr\/old2\/rendez-vous-atelier\/","url":"https:\/\/audi-strasbourg-occasionplus.fr\/old2\/rendez-vous-atelier\/","name":"Rendez-vous atelier - Audi test","isPartOf":{"@id":"https:\/\/audi-strasbourg-occasionplus.fr\/old2\/#website"},"primaryImageOfPage":{"@id":"https:\/\/audi-strasbourg-occasionplus.fr\/old2\/rendez-vous-atelier\/#primaryimage"},"image":{"@id":"https:\/\/audi-strasbourg-occasionplus.fr\/old2\/rendez-vous-atelier\/#primaryimage"},"thumbnailUrl":"https:\/\/audi-strasbourg-occasionplus.fr\/old2\/wp-content\/uploads\/sites\/29\/2019\/06\/scheduled-car-service-r25vyqt-min.jpg","datePublished":"2019-06-20T19:33:53+00:00","dateModified":"2022-06-09T22:16:02+00:00","description":"Pour la maintenance ou pour des réparations, nos techniciens prennent en charge votre véhicule dans le respect des nomes constructeur.","breadcrumb":{"@id":"https:\/\/audi-strasbourg-occasionplus.fr\/old2\/rendez-vous-atelier\/#breadcrumb"},"inLanguage":"fr-FR","potentialAction":[{"@type":"ReadAction","target":["https:\/\/audi-strasbourg-occasionplus.fr\/old2\/rendez-vous-atelier\/"]}]},{"@type":"ImageObject","inLanguage":"fr-FR","@id":"https:\/\/audi-strasbourg-occasionplus.fr\/old2\/rendez-vous-atelier\/#primaryimage","url":"https:\/\/audi-strasbourg-occasionplus.fr\/old2\/wp-content\/uploads\/sites\/29\/2019\/06\/scheduled-car-service-r25vyqt-min.jpg","contentUrl":"https:\/\/audi-strasbourg-occasionplus.fr\/old2\/wp-content\/uploads\/sites\/29\/2019\/06\/scheduled-car-service-r25vyqt-min.jpg","width":5000,"height":3333},{"@type":"BreadcrumbList","@id":"https:\/\/audi-strasbourg-occasionplus.fr\/old2\/rendez-vous-atelier\/#breadcrumb","itemListElement":[{"@type":"ListItem","position":1,"name":"Accueil","item":"https:\/\/audi-strasbourg-occasionplus.fr\/old2\/"},{"@type":"ListItem","position":2,"name":"Rendez-vous atelier"}]},{"@type":"WebSite","@id":"https:\/\/audi-strasbourg-occasionplus.fr\/old2\/#website","url":"https:\/\/audi-strasbourg-occasionplus.fr\/old2\/","name":"Audi test","description":"Concessionnaire AUDI à Obernai - Grand Est Automobiles.","potentialAction":[{"@type":"SearchAction","target":{"@type":"EntryPoint","urlTemplate":"https:\/\/audi-strasbourg-occasionplus.fr\/old2\/?s={search_term_string}"},"query-input":{"@type":"PropertyValueSpecification","valueRequired":true,"valueName":"search_term_string"}}],"inLanguage":"fr-FR"}]}</script>
<!-- / Yoast SEO plugin. -->

Pour la maintenance ou pour des réparations, nos techniciens prennent en charge votre véhicule dans le respect des nomes constructeur.

Concessionnaire AUDI à Obernai - Grand Est Automobiles.
