{"id":1424,"date":"2019-06-20T14:11:52","date_gmt":"2019-06-20T12:11:52","guid":{"rendered":"http:\/\/grandestauto.demo.izhak.fr\/?page_id=1424"},"modified":"2022-06-10T00:15:07","modified_gmt":"2022-06-09T22:15:07","slug":"contactez-nous","status":"publish","type":"page","link":"https:\/\/audi-strasbourg-occasionplus.fr\/old2\/contactez-nous\/","title":{"rendered":"Contactez-nous"},"content":{"rendered":"<p>Vous \u00eates int\u00e9ress\u00e9 par un v\u00e9hicule, souhaitez obtenir des informations ou encore prendre un RDV? Prenez rendez-vous avec nos \u00e9quipes de professionnels et b\u00e9n\u00e9ficiez de conseils personnalis\u00e9s pour l\u2019achat de votre v\u00e9hicule. Nos concessions proposent \u00e9galement un service de maintenance et de r\u00e9paration selon les normes Constructeur de votre v\u00e9hicule.<\/p>\n<h3>Nos services<\/h3>\n<ul class=\"list-services\">\n<li>Entretiens et r\u00e9parations<\/li>\n<li>Service apr\u00e8s-vente<\/li>\n<li>Essai de v\u00e9hicule<\/li>\n<li>Reprise<\/li>\n<li>Financement<\/li>\n<\/ul>\n","protected":false},"excerpt":{"rendered":"<p>Vous \u00eates int\u00e9ress\u00e9 par un v\u00e9hicule, souhaitez obtenir des informations ou encore prendre un RDV? Prenez rendez-vous avec nos \u00e9quipes<\/p>\n","protected":false},"author":1,"featured_media":1391,"parent":0,"menu_order":0,"comment_status":"closed","ping_status":"closed","template":"page-templates\/contactez-nous.php","meta":{"_acf_changed":false,"inline_featured_image":false,"footnotes":""},"class_list":["post-1424","page","type-page","status-publish","has-post-thumbnail","hentry"],"yoast_head":"<!-- This site is optimized with the Yoast SEO plugin v27.4 - https:\/\/yoast.com\/product\/yoast-seo-wordpress\/ -->\n<title>Contactez-nous - Audi test<\/title>\n<meta name=\"description\" content=\"Prenez rendez-vous avec nos \u00e9quipes de professionnels en Alsace et b\u00e9n\u00e9ficiez de conseils pour l\u2019achat de votre v\u00e9hicule neuf ou v\u00e9hicule d&#039;occasion..\" \/>\n<meta name=\"robots\" content=\"noindex, follow, max-snippet:-1, max-image-preview:large, max-video-preview:-1\" \/>\n<meta property=\"og:locale\" content=\"fr_FR\" \/>\n<meta property=\"og:type\" content=\"article\" \/>\n<meta property=\"og:title\" content=\"Contactez-nous - Audi test\" \/>\n<meta property=\"og:description\" content=\"Prenez rendez-vous avec nos \u00e9quipes de professionnels en Alsace et b\u00e9n\u00e9ficiez de conseils pour l\u2019achat de votre v\u00e9hicule neuf ou v\u00e9hicule d&#039;occasion..\" \/>\n<meta property=\"og:url\" content=\"https:\/\/audi-strasbourg-occasionplus.fr\/old2\/contactez-nous\/\" \/>\n<meta property=\"og:site_name\" content=\"Audi test\" \/>\n<meta property=\"article:modified_time\" content=\"2022-06-09T22:15:07+00:00\" \/>\n<meta property=\"og:image\" content=\"https:\/\/audi-strasbourg-occasionplus.fr\/old2\/wp-content\/uploads\/sites\/29\/2019\/06\/10-69.jpg\" \/>\n\t<meta property=\"og:image:width\" content=\"1324\" \/>\n\t<meta property=\"og:image:height\" content=\"744\" \/>\n\t<meta property=\"og:image:type\" content=\"image\/jpeg\" \/>\n<meta name=\"twitter:card\" content=\"summary_large_image\" \/>\n<script type=\"application\/ld+json\" class=\"yoast-schema-graph\">{\"@context\":\"https:\\\/\\\/schema.org\",\"@graph\":[{\"@type\":\"WebPage\",\"@id\":\"https:\\\/\\\/audi-strasbourg-occasionplus.fr\\\/old2\\\/contactez-nous\\\/\",\"url\":\"https:\\\/\\\/audi-strasbourg-occasionplus.fr\\\/old2\\\/contactez-nous\\\/\",\"name\":\"Contactez-nous - Audi test\",\"isPartOf\":{\"@id\":\"https:\\\/\\\/audi-strasbourg-occasionplus.fr\\\/old2\\\/#website\"},\"primaryImageOfPage\":{\"@id\":\"https:\\\/\\\/audi-strasbourg-occasionplus.fr\\\/old2\\\/contactez-nous\\\/#primaryimage\"},\"image\":{\"@id\":\"https:\\\/\\\/audi-strasbourg-occasionplus.fr\\\/old2\\\/contactez-nous\\\/#primaryimage\"},\"thumbnailUrl\":\"https:\\\/\\\/audi-strasbourg-occasionplus.fr\\\/old2\\\/wp-content\\\/uploads\\\/sites\\\/29\\\/2019\\\/06\\\/10-69.jpg\",\"datePublished\":\"2019-06-20T12:11:52+00:00\",\"dateModified\":\"2022-06-09T22:15:07+00:00\",\"description\":\"Prenez rendez-vous avec nos \u00e9quipes de professionnels en Alsace et b\u00e9n\u00e9ficiez de conseils pour l\u2019achat de votre v\u00e9hicule neuf ou v\u00e9hicule d'occasion..\",\"breadcrumb\":{\"@id\":\"https:\\\/\\\/audi-strasbourg-occasionplus.fr\\\/old2\\\/contactez-nous\\\/#breadcrumb\"},\"inLanguage\":\"fr-FR\",\"potentialAction\":[{\"@type\":\"ReadAction\",\"target\":[\"https:\\\/\\\/audi-strasbourg-occasionplus.fr\\\/old2\\\/contactez-nous\\\/\"]}]},{\"@type\":\"ImageObject\",\"inLanguage\":\"fr-FR\",\"@id\":\"https:\\\/\\\/audi-strasbourg-occasionplus.fr\\\/old2\\\/contactez-nous\\\/#primaryimage\",\"url\":\"https:\\\/\\\/audi-strasbourg-occasionplus.fr\\\/old2\\\/wp-content\\\/uploads\\\/sites\\\/29\\\/2019\\\/06\\\/10-69.jpg\",\"contentUrl\":\"https:\\\/\\\/audi-strasbourg-occasionplus.fr\\\/old2\\\/wp-content\\\/uploads\\\/sites\\\/29\\\/2019\\\/06\\\/10-69.jpg\",\"width\":1324,\"height\":744},{\"@type\":\"BreadcrumbList\",\"@id\":\"https:\\\/\\\/audi-strasbourg-occasionplus.fr\\\/old2\\\/contactez-nous\\\/#breadcrumb\",\"itemListElement\":[{\"@type\":\"ListItem\",\"position\":1,\"name\":\"Accueil\",\"item\":\"https:\\\/\\\/audi-strasbourg-occasionplus.fr\\\/old2\\\/\"},{\"@type\":\"ListItem\",\"position\":2,\"name\":\"Contactez-nous\"}]},{\"@type\":\"WebSite\",\"@id\":\"https:\\\/\\\/audi-strasbourg-occasionplus.fr\\\/old2\\\/#website\",\"url\":\"https:\\\/\\\/audi-strasbourg-occasionplus.fr\\\/old2\\\/\",\"name\":\"Audi test\",\"description\":\"Concessionnaire AUDI \u00e0 Obernai - Grand Est Automobiles.\",\"potentialAction\":[{\"@type\":\"SearchAction\",\"target\":{\"@type\":\"EntryPoint\",\"urlTemplate\":\"https:\\\/\\\/audi-strasbourg-occasionplus.fr\\\/old2\\\/?s={search_term_string}\"},\"query-input\":{\"@type\":\"PropertyValueSpecification\",\"valueRequired\":true,\"valueName\":\"search_term_string\"}}],\"inLanguage\":\"fr-FR\"}]}<\/script>\n<!-- \/ Yoast SEO plugin. -->","yoast_head_json":{"title":"Contactez-nous - Audi test","description":"Prenez rendez-vous avec nos \u00e9quipes de professionnels en Alsace et b\u00e9n\u00e9ficiez de conseils pour l\u2019achat de votre v\u00e9hicule neuf ou v\u00e9hicule d'occasion..","robots":{"index":"noindex","follow":"follow","max-snippet":"max-snippet:-1","max-image-preview":"max-image-preview:large","max-video-preview":"max-video-preview:-1"},"og_locale":"fr_FR","og_type":"article","og_title":"Contactez-nous - Audi test","og_description":"Prenez rendez-vous avec nos \u00e9quipes de professionnels en Alsace et b\u00e9n\u00e9ficiez de conseils pour l\u2019achat de votre v\u00e9hicule neuf ou v\u00e9hicule d'occasion..","og_url":"https:\/\/audi-strasbourg-occasionplus.fr\/old2\/contactez-nous\/","og_site_name":"Audi test","article_modified_time":"2022-06-09T22:15:07+00:00","og_image":[{"width":1324,"height":744,"url":"https:\/\/audi-strasbourg-occasionplus.fr\/old2\/wp-content\/uploads\/sites\/29\/2019\/06\/10-69.jpg","type":"image\/jpeg"}],"twitter_card":"summary_large_image","schema":{"@context":"https:\/\/schema.org","@graph":[{"@type":"WebPage","@id":"https:\/\/audi-strasbourg-occasionplus.fr\/old2\/contactez-nous\/","url":"https:\/\/audi-strasbourg-occasionplus.fr\/old2\/contactez-nous\/","name":"Contactez-nous - Audi test","isPartOf":{"@id":"https:\/\/audi-strasbourg-occasionplus.fr\/old2\/#website"},"primaryImageOfPage":{"@id":"https:\/\/audi-strasbourg-occasionplus.fr\/old2\/contactez-nous\/#primaryimage"},"image":{"@id":"https:\/\/audi-strasbourg-occasionplus.fr\/old2\/contactez-nous\/#primaryimage"},"thumbnailUrl":"https:\/\/audi-strasbourg-occasionplus.fr\/old2\/wp-content\/uploads\/sites\/29\/2019\/06\/10-69.jpg","datePublished":"2019-06-20T12:11:52+00:00","dateModified":"2022-06-09T22:15:07+00:00","description":"Prenez rendez-vous avec nos \u00e9quipes de professionnels en Alsace et b\u00e9n\u00e9ficiez de conseils pour l\u2019achat de votre v\u00e9hicule neuf ou v\u00e9hicule d'occasion..","breadcrumb":{"@id":"https:\/\/audi-strasbourg-occasionplus.fr\/old2\/contactez-nous\/#breadcrumb"},"inLanguage":"fr-FR","potentialAction":[{"@type":"ReadAction","target":["https:\/\/audi-strasbourg-occasionplus.fr\/old2\/contactez-nous\/"]}]},{"@type":"ImageObject","inLanguage":"fr-FR","@id":"https:\/\/audi-strasbourg-occasionplus.fr\/old2\/contactez-nous\/#primaryimage","url":"https:\/\/audi-strasbourg-occasionplus.fr\/old2\/wp-content\/uploads\/sites\/29\/2019\/06\/10-69.jpg","contentUrl":"https:\/\/audi-strasbourg-occasionplus.fr\/old2\/wp-content\/uploads\/sites\/29\/2019\/06\/10-69.jpg","width":1324,"height":744},{"@type":"BreadcrumbList","@id":"https:\/\/audi-strasbourg-occasionplus.fr\/old2\/contactez-nous\/#breadcrumb","itemListElement":[{"@type":"ListItem","position":1,"name":"Accueil","item":"https:\/\/audi-strasbourg-occasionplus.fr\/old2\/"},{"@type":"ListItem","position":2,"name":"Contactez-nous"}]},{"@type":"WebSite","@id":"https:\/\/audi-strasbourg-occasionplus.fr\/old2\/#website","url":"https:\/\/audi-strasbourg-occasionplus.fr\/old2\/","name":"Audi test","description":"Concessionnaire AUDI \u00e0 Obernai - Grand Est Automobiles.","potentialAction":[{"@type":"SearchAction","target":{"@type":"EntryPoint","urlTemplate":"https:\/\/audi-strasbourg-occasionplus.fr\/old2\/?s={search_term_string}"},"query-input":{"@type":"PropertyValueSpecification","valueRequired":true,"valueName":"search_term_string"}}],"inLanguage":"fr-FR"}]}},"acf":[],"_links":{"self":[{"href":"https:\/\/audi-strasbourg-occasionplus.fr\/old2\/wp-json\/wp\/v2\/pages\/1424","targetHints":{"allow":["GET"]}}],"collection":[{"href":"https:\/\/audi-strasbourg-occasionplus.fr\/old2\/wp-json\/wp\/v2\/pages"}],"about":[{"href":"https:\/\/audi-strasbourg-occasionplus.fr\/old2\/wp-json\/wp\/v2\/types\/page"}],"author":[{"embeddable":true,"href":"https:\/\/audi-strasbourg-occasionplus.fr\/old2\/wp-json\/wp\/v2\/users\/1"}],"replies":[{"embeddable":true,"href":"https:\/\/audi-strasbourg-occasionplus.fr\/old2\/wp-json\/wp\/v2\/comments?post=1424"}],"version-history":[{"count":33,"href":"https:\/\/audi-strasbourg-occasionplus.fr\/old2\/wp-json\/wp\/v2\/pages\/1424\/revisions"}],"predecessor-version":[{"id":2838,"href":"https:\/\/audi-strasbourg-occasionplus.fr\/old2\/wp-json\/wp\/v2\/pages\/1424\/revisions\/2838"}],"wp:featuredmedia":[{"embeddable":true,"href":"https:\/\/audi-strasbourg-occasionplus.fr\/old2\/wp-json\/wp\/v2\/media\/1391"}],"wp:attachment":[{"href":"https:\/\/audi-strasbourg-occasionplus.fr\/old2\/wp-json\/wp\/v2\/media?parent=1424"}],"curies":[{"name":"wp","href":"https:\/\/api.w.org\/{rel}","templated":true}]}}

<p>Vous êtes intéressé par un véhicule, souhaitez obtenir des informations ou encore prendre un RDV? Prenez rendez-vous avec nos équipes de professionnels et bénéficiez de conseils personnalisés pour l’achat de votre véhicule. Nos concessions proposent également un service de maintenance et de réparation selon les normes Constructeur de votre véhicule.</p>
<h3>Nos services</h3>
<ul class="list-services">
<li>Entretiens et réparations</li>
<li>Service après-vente</li>
<li>Essai de véhicule</li>
<li>Reprise</li>
<li>Financement</li>
</ul>

<p>Vous êtes intéressé par un véhicule, souhaitez obtenir des informations ou encore prendre un RDV? Prenez rendez-vous avec nos équipes</p>

<!-- This site is optimized with the Yoast SEO plugin v27.4 - https://yoast.com/product/yoast-seo-wordpress/ -->
<title>Contactez-nous - Audi test</title>
<meta name="description" content="Prenez rendez-vous avec nos équipes de professionnels en Alsace et bénéficiez de conseils pour l’achat de votre véhicule neuf ou véhicule d&#039;occasion.." />
<meta name="robots" content="noindex, follow, max-snippet:-1, max-image-preview:large, max-video-preview:-1" />
<meta property="og:locale" content="fr_FR" />
<meta property="og:type" content="article" />
<meta property="og:title" content="Contactez-nous - Audi test" />
<meta property="og:description" content="Prenez rendez-vous avec nos équipes de professionnels en Alsace et bénéficiez de conseils pour l’achat de votre véhicule neuf ou véhicule d&#039;occasion.." />
<meta property="og:url" content="https://audi-strasbourg-occasionplus.fr/old2/contactez-nous/" />
<meta property="og:site_name" content="Audi test" />
<meta property="article:modified_time" content="2022-06-09T22:15:07+00:00" />
<meta property="og:image" content="https://audi-strasbourg-occasionplus.fr/old2/wp-content/uploads/sites/29/2019/06/10-69.jpg" />
	<meta property="og:image:width" content="1324" />
	<meta property="og:image:height" content="744" />
	<meta property="og:image:type" content="image/jpeg" />
<meta name="twitter:card" content="summary_large_image" />
<script type="application/ld+json" class="yoast-schema-graph">{"@context":"https:\/\/schema.org","@graph":[{"@type":"WebPage","@id":"https:\/\/audi-strasbourg-occasionplus.fr\/old2\/contactez-nous\/","url":"https:\/\/audi-strasbourg-occasionplus.fr\/old2\/contactez-nous\/","name":"Contactez-nous - Audi test","isPartOf":{"@id":"https:\/\/audi-strasbourg-occasionplus.fr\/old2\/#website"},"primaryImageOfPage":{"@id":"https:\/\/audi-strasbourg-occasionplus.fr\/old2\/contactez-nous\/#primaryimage"},"image":{"@id":"https:\/\/audi-strasbourg-occasionplus.fr\/old2\/contactez-nous\/#primaryimage"},"thumbnailUrl":"https:\/\/audi-strasbourg-occasionplus.fr\/old2\/wp-content\/uploads\/sites\/29\/2019\/06\/10-69.jpg","datePublished":"2019-06-20T12:11:52+00:00","dateModified":"2022-06-09T22:15:07+00:00","description":"Prenez rendez-vous avec nos équipes de professionnels en Alsace et bénéficiez de conseils pour l’achat de votre véhicule neuf ou véhicule d'occasion..","breadcrumb":{"@id":"https:\/\/audi-strasbourg-occasionplus.fr\/old2\/contactez-nous\/#breadcrumb"},"inLanguage":"fr-FR","potentialAction":[{"@type":"ReadAction","target":["https:\/\/audi-strasbourg-occasionplus.fr\/old2\/contactez-nous\/"]}]},{"@type":"ImageObject","inLanguage":"fr-FR","@id":"https:\/\/audi-strasbourg-occasionplus.fr\/old2\/contactez-nous\/#primaryimage","url":"https:\/\/audi-strasbourg-occasionplus.fr\/old2\/wp-content\/uploads\/sites\/29\/2019\/06\/10-69.jpg","contentUrl":"https:\/\/audi-strasbourg-occasionplus.fr\/old2\/wp-content\/uploads\/sites\/29\/2019\/06\/10-69.jpg","width":1324,"height":744},{"@type":"BreadcrumbList","@id":"https:\/\/audi-strasbourg-occasionplus.fr\/old2\/contactez-nous\/#breadcrumb","itemListElement":[{"@type":"ListItem","position":1,"name":"Accueil","item":"https:\/\/audi-strasbourg-occasionplus.fr\/old2\/"},{"@type":"ListItem","position":2,"name":"Contactez-nous"}]},{"@type":"WebSite","@id":"https:\/\/audi-strasbourg-occasionplus.fr\/old2\/#website","url":"https:\/\/audi-strasbourg-occasionplus.fr\/old2\/","name":"Audi test","description":"Concessionnaire AUDI à Obernai - Grand Est Automobiles.","potentialAction":[{"@type":"SearchAction","target":{"@type":"EntryPoint","urlTemplate":"https:\/\/audi-strasbourg-occasionplus.fr\/old2\/?s={search_term_string}"},"query-input":{"@type":"PropertyValueSpecification","valueRequired":true,"valueName":"search_term_string"}}],"inLanguage":"fr-FR"}]}</script>
<!-- / Yoast SEO plugin. -->

Prenez rendez-vous avec nos équipes de professionnels en Alsace et bénéficiez de conseils pour l’achat de votre véhicule neuf ou véhicule d'occasion..

Concessionnaire AUDI à Obernai - Grand Est Automobiles.
